ded by 52.
51
What is the remainder when 78259 is divided by 78171?
88
What is the remainder when 32628 is divided by 213?
39
What is the remainder when 1664 is divided by 125?
39
What is the remainder when 7176 is divided by 1790?
16
What is the remainder when 829640 is divided by 928?
8
Calculate the remainder when 164 is divided by 142.
22
Calculate the remainder when 49855 is divided by 182.
169
Calculate the remainder when 257763 is divided by 826.
51
What is the remainder when 4646 is divided by 774?
2
Calculate the remainder when 635 is divided by 8.
3
What is the remainder when 58917 is divided by 23?
14
Calculate the remainder when 366188 is divided by 111.
110
What is the remainder when 19320 is divided by 77?
70
What is the remainder when 30266 is divided by 27?
26
Calculate the remainder when 1433 is divided by 558.
317
What is the remainder when 5061 is divided by 175?
161
Calculate the remainder when 80990 is divided by 395.
15
What is the remainder when 1371 is divided by 331?
47
Calculate the remainder when 198411 is divided by 455.
31
Calculate the remainder when 41910 is divided by 102.
90
Calculate the remainder when 2613334 is divided by 166.
162
What is the remainder when 2954 is divided by 611?
510
What is the remainder when 37892 is divided by 36?
20
Calculate the remainder when 8333 is divided by 2630.
443
Calculate the remainder when 499326 is divided by 188.
186
What is the remainder when 1638 is divided by 325?
13
What is the remainder when 584306 is divided by 57?
56
Calculate the remainder when 185 is divided by 9.
5
What is the remainder when 2811775 is divided by 176?
175
What is the remainder when 304225 is divided by 38026?
17
What is the remainder when 143247 is divided by 191?
188
Calculate the remainder when 3117755 is divided by 301.
298
What is the remainder when 1541 is divided by 510?
11
What is the remainder when 4137 is divided by 690?
687
Calculate the remainder when 593843 is divided by 41.
40
What is the remainder when 616179 is divided by 20?
19
What is the remainder when 1172029 is divided by 86?
21
Calculate the remainder when 9991 is divided by 343.
44
What is the remainder when 3340 is divided by 184?
28
What is the remainder when 1875919 is divided by 1048?
1047
Calculate the remainder when 537 is divided by 52.
17
What is the remainder when 931512 is divided by 1105?
1102
What is the remainder when 1106103 is divided by 276518?
31
Calculate the remainder when 19962 is divided by 1136.
650
Calculate the remainder when 178243 is divided by 20.
3
What is the remainder when 1459 is divided by 371?
346
What is the remainder when 95035 is divided by 38?
35
Calculate the remainder when 40045 is divided by 62.
55
Calculate the remainder when 659221 is divided by 16.
5
What is the remainder when 81774 is divided by 25?
24
Calculate the remainder when 19496 is divided by 929.
916
What is the remainder when 2507 is divided by 1068?
371
Calculate the remainder when 717178 is divided by 103.
92
What is the remainder when 7999 is divided by 2665?
4
Calculate the remainder when 5537 is divided by 478.
279
Calculate the remainder when 2548 is divided by 198.
172
What is the remainder when 23133 is divided by 61?
14
Calculate the remainder when 187 is divided by 138.
49
Calculate the remainder when 3272 is divided by 809.
36
What is the remainder when 116612 is divided by 99?
89
What is the remainder when 37302 is divided by 119?
55
Calculate the remainder when 6259 is divided by 58.
53
Calculate the remainder when 19416947 is divided by 2030.
2027
What is the remainder when 28203 is divided by 28007?
196
What is the remainder when 6643 is divided by 256?
243
Calculate the remainder when 42715 is divided by 1068.
1063
What is the remainder when 731 is divided by 187?
170
Calculate the remainder when 1011 is divided by 13.
10
What is the remainder when 5912369 is divided by 1611?
1610
What is the remainder when 3138 is divided by 1012?
102
What is the remainder when 4895 is divided by 813?
17
What is the remainder when 30982 is divided by 1556?
1418
Calculate the remainder when 17777 is divided by 808.
1
What is the remainder when 845 is divided by 824?
21
What is the remainder when 10693 is divided by 191?
188
Calculate the remainder when 65763 is divided by 16437.
15
What is the remainder when 535289 is divided by 70?
69
Calculate the remainder when 9238 is divided by 43.
36
What is the remainder when 8812 is divided by 872?
92
Calculate the remainder when 3999 is divided by 303.
60
Calculate the remainder when 13202 is divided by 27.
26
Calculate the remainder when 5830 is divided by 2802.
226
Calculate the remainder when 37459 is divided by 76.
67
What is the remainder when 8309 is divided by 2073?
17
Calculate the remainder when 6753 is divided by 2977.
799
What is the remainder when 6707 is divided by 412?
115
What is the remainder when 11581 is divided by 2890?
21
Calculate the remainder when 15615 is divided by 23.
21
Calculate the remainder when 10014 is divided by 7662.
2352
What is the remainder when 653662 is divided by 20?
2
Calculate the remainder when 1897510 is divided by 11.
10
What is the remainder when 3235 is divided by 646?
5
Calculate the remainder when 7681 is divided by 110.
91
Calculate the remainder when 32009 is divided by 3553.
32
Calculate the remainder when 101804 is divided by 2037.
1991
What is the remainder when 48525 is divided by 48525?
0
What is the remainder when 8685 is divided by 65?
40
What is the remainder when 27165 is divided by 9050?
15
Calculate the remainder when 22812 is divided by 184.
180
Calculate the remainder when 5052 is divided by 279.
30
What is the remainder when 16380 is divided by 5449?
33
What is the remainder when 2858772 is divided by 79?
78
What is the remainder when 11938 is divided by 2370?
88
What is the remainder when 102571 is divided by 24?
19
Calculate the remainder when 2181465 is divided by 266.
265
What is the remainder when 349505 is divided by 35?
30
Calculate the remainder when 1406 is divided by 1379.
27
What is the remainder when 84875 is divided by 37?
34
What is the remainder when 76826 is divided by 93?
8
Calculate the remainder when 641805 is divided by 12.
9
Calculate the remainder when 228 is divided by 61.
45
What is the remainder when 1985 is divided by 1970?
15
What is the remainder when 2911 is divided by 626?
407
Calculate the remainder when 55270 is divided by 8.
6
What is the remainder when 17104 is divided by 105?
94
Calculate the remainder when 268526 is divided by 148.
54
What is the remainder when 634468 is divided by 40?
28
What is the remainder when 19388 is divided by 24?
20
Calculate the remainder when 2951 is divided by 146.
31
What is the remainder when 19070 is divided by 1278?
1178
What is the remainder when 2237 is divided by 42?
11
What is the remainder when 125932 is divided by 62945?
42
Calculate the remainder when 31273 is divided by 311.
173
What is the remainder when 6612 is divided by 602?
592
Calculate the remainder when 3797 is divided by 10.
7
What is the remainder when 2716 is divided by 63?
7
What is the remainder when 139406 is divided by 627?
212
Calculate the remainder when 3219 is divided by 150.
69
What is the remainder when 131534 is divided by 19?
16
What is the remainder when 39875 is divided by 9?
5
What is the remainder when 644153 is divided by 98?
97
What is the remainder when 585620 is divided by 553?
546
Calculate the remainder when 14198 is divided by 4727.
17
Calculate the remainder when 78246 is divided by 2173.
18
Calculate the remainder when 8795 is divided by 157.
3
Calculate the remainder when 10087 is divided by 2750.
1837
Calculate the remainder when 68867 is divided by 142.
139
Calculate the remainder when 235168 is divided by 90.
88
Calculate the remainder when 121885 is divided by 586.
583
What is the remainder when 4124104 is divided by 994?
992
What is the remainder when 5154 is divided by 1961?
1232
What is the remainder when 513966 is divided by 26?
24
Calculate the remainder when 66374 is divided by 4424.
14
What is the remainder when 1561 is divided by 495?
76
Calculate the remainder when 10503 is divided by 1497.
24
What is the remainder when 47005 is divided 